 when 9226440 is divided by 14.
6
Calculate the remainder when 95542 is divided by 4980.
922
Calculate the remainder when 19725 is divided by 3813.
660
Calculate the remainder when 6370090 is divided by 746.
742
Calculate the remainder when 831510 is divided by 14326.
602
Calculate the remainder when 2678116 is divided by 1526.
1512
Calculate the remainder when 69607 is divided by 7715.
172
What is the remainder when 9853603 is divided by 204?
199
What is the remainder when 51752 is divided by 48200?
3552
Calculate the remainder when 3988721 is divided by 6.
5
What is the remainder when 5874889 is divided by 5874686?
203
Calculate the remainder when 15284 is divided by 438.
392
What is the remainder when 15911489 is divided by 1786?
15
What is the remainder when 2530591 is divided by 46?
39
What is the remainder when 659781 is divided by 696?
669
What is the remainder when 10929751 is divided by 130?
1
What is the remainder when 9315103 is divided by 169365?
28
What is the remainder when 2913515 is divided by 45?
35
Calculate the remainder when 10611106 is divided by 2900.
6
What is the remainder when 4103998 is divided by 1025868?
526
What is the remainder when 288159 is divided by 22165?
14
Calculate the remainder when 73434 is divided by 1368.
930
What is the remainder when 1228004 is divided by 633?
617
Calculate the remainder when 11199468 is divided by 234.
228
Calculate the remainder when 34359708 is divided by 34359699.
9
What is the remainder when 339453 is divided by 13949?
4677
Calculate the remainder when 33889418 is divided by 1783653.
11
What is the remainder when 6766660 is divided by 486?
82
Calculate the remainder when 1067366 is divided by 6671.
6
What is the remainder when 2679946 is divided by 10?
6
What is the remainder when 2496883 is divided by 9?
4
What is the remainder when 1619377032 is divided by 788?
784
Calculate the remainder when 37391754 is divided by 467.
465
Calculate the remainder when 27723365 is divided by 33.
32
Calculate the remainder when 16270 is divided by 38.
6
What is the remainder when 786976 is divided by 393466?
44
What is the remainder when 393066 is divided by 98160?
426
What is the remainder when 379633359 is divided by 16?
15
Calculate the remainder when 21249 is divided by 20584.
665
Calculate the remainder when 14092 is divided by 2201.
886
What is the remainder when 3231257 is divided by 625?
7
Calculate the remainder when 16083419 is divided by 2297631.
2
Calculate the remainder when 970513 is divided by 64699.
28
Calculate the remainder when 451607 is divided by 11.
2
Calculate the remainder when 1218933 is divided by 22.
1
Calculate the remainder when 62002289 is divided by 5425.
5389
What is the remainder when 231685 is divided by 845?
155
What is the remainder when 24416143 is divided by 45215?
43
What is the remainder when 28583134 is divided by 3572890?
14
Calculate the remainder when 5348697 is divided by 540.
537
What is the remainder when 6709318 is divided by 7011?
6802
What is the remainder when 130962 is divided by 145?
27
What is the remainder when 938807182 is divided by 14?
12
What is the remainder when 1274660291 is divided by 4637?
4635
Calculate the remainder when 7150 is divided by 2089.
883
Calculate the remainder when 7023936 is divided by 1058.
932
What is the remainder when 333197180 is divided by 4646?
4644
What is the remainder when 22213 is divided by 4221?
1108
What is the remainder when 210192 is divided by 2416?
0
Calculate the remainder when 1365242 is divided by 1175.
1067
Calculate the remainder when 30050162 is divided by 429.
428
Calculate the remainder when 17790487 is divided by 248.
207
What is the remainder when 41132 is divided by 372?
212
What is the remainder when 9028266 is divided by 222?
192
What is the remainder when 16095 is divided by 2900?
1595
Calculate the remainder when 6150069 is divided by 2912.
2837
Calculate the remainder when 429304 is divided by 67.
35
What is the remainder when 428381 is divided by 650?
31
Calculate the remainder when 6834495 is divided by 50.
45
What is the remainder when 3015252 is divided by 5102?
5072
Calculate the remainder when 2083657 is divided by 807.
790
Calculate the remainder when 3879010 is divided by 116.
86
What is the remainder when 16941556 is divided by 2598?
2596
Calculate the remainder when 96600 is divided by 7968.
984
What is the remainder when 137576935 is divided by 68788462?
11
Calculate the remainder when 454330 is divided by 64898.
44
Calculate the remainder when 65335 is divided by 214.
65
What is the remainder when 34679 is divided by 17105?
469
Calculate the remainder when 224570 is divided by 349.
163
What is the remainder when 6603331 is divided by 72?
67
Calculate the remainder when 631416 is divided by 210418.
162
What is the remainder when 486466 is divided by 81047?
184
What is the remainder when 124208977 is divided by 5495?
5492
What is the remainder when 2140691 is divided by 535172?
3
What is the remainder when 521150 is divided by 260551?
48
What is the remainder when 114376362 is divided by 587?
586
What is the remainder when 555516 is divided by 185095?
231
Calculate the remainder when 2454546 is divided by 1757.
17
What is the remainder when 2160281 is divided by 432053?
16
What is the remainder when 94223 is divided by 15622?
491
Calculate the remainder when 2055207 is divided by 6943.
79
Calculate the remainder when 323384 is divided by 722.
650
Calculate the remainder when 333279 is divided by 1068.
63
What is the remainder when 4689470 is divided by 647?
14
What is the remainder when 2308920 is divided by 88?
64
Calculate the remainder when 3569665 is divided by 2491.
62
Calculate the remainder when 1975852 is divided by 151987.
21
What is the remainder when 443995 is divided by 4369?
2726
Calculate the remainder when 7956 is divided by 665.
641
What is the remainder when 31136732 is divided by 398?
396
Calculate the remainder when 4240019 is divided by 126.
119
Calculate the remainder when 346135 is divided by 5780.
5115
What is the remainder when 3458438 is divided by 17827?
0
Calculate the remainder when 507526 is divided by 15860.
6
Calculate the remainder when 759514 is divided by 196.
14
What is the remainder when 15996082 is divided by 1699?
1696
What is the remainder when 798290 is divided by 1408?
1362
What is the remainder when 5673943 is divided by 1891296?
55
What is the remainder when 48750911 is divided by 18?
17
What is the remainder when 19393 is divided by 3783?
478
What is the remainder when 111421 is divided by 442?
37
Calculate the remainder when 550305 is divided by 3859.
2327
What is the remainder when 2558330 is divided by 41?
12
What is the remainder when 15590 is divided by 1976?
1758
What is the remainder when 4041289 is divided by 199?
196
What is the remainder when 2116781 is divided by 1714?
1705
Calculate the remainder when 1652415 is divided by 93.
84
Calculate the remainder when 3870788 is divided by 52.
12
Calculate the remainder when 30517163 is divided by 236567.
20
Calculate the remainder when 2083445 is divided by 495.
485
Calculate the remainder when 1151262 is divided by 383.
347
What is the remainder when 116742 is divided by 38803?
333
What is the remainder when 23258896 is divided by 16449?
10
Calculate the remainder when 790176 is divided by 318.
264
Calculate the remainder when 10674196 is divided by 119934.
70
What is the remainder when 20401 is divided by 347?
275
Calculate the remainder when 334691 is divided by 7.
0
Calculate the remainder when 46507962 is divided by 1629.
12
Calculate the remainder when 2216748 is divided by 18471.
228
What is the remainder when 3755780 is divided by 181?
30
Calculate the remainder when 71625457 is divided by 3450.
7
What is the remainder when 72778 is divided by 26?
4
What is the remainder when 15516821 is divided by 30?
11
What is the remainder when 33742346 is divided by 57?
56
What is the remainder when 47699 is divided by 44430?
3269
Calculate the remainder when 145151039 is divided by 705.
704
What is the remainder when 7455 is divided by 3651?
153
Calculate the remainder when 406791 is divided by 27119.
6
Calculate the remainder when 59258 is divided by 59180.
78
What is the 